{"version":"1.0","provider_name":"PFC Costa del Sol","provider_url":"https:\/\/www.pfccostadelsol.com\/en","author_name":"Adrian","author_url":"https:\/\/www.pfccostadelsol.com\/en\/author\/adrian\/","title":"El Elche CF llega a M\u00e1laga - PFC Costa del Sol","type":"rich","width":600,"height":338,"html":"<blockquote class=\"wp-embedded-content\" data-secret=\"Sno2fGgnwf\"><a href=\"https:\/\/www.pfccostadelsol.com\/en\/el-elche-cf-llega-a-malaga\/\">El Elche CF llega a M\u00e1laga<\/a><\/blockquote><iframe sandbox=\"allow-scripts\" security=\"restricted\" src=\"https:\/\/www.pfccostadelsol.com\/en\/el-elche-cf-llega-a-malaga\/embed\/#?secret=Sno2fGgnwf\" width=\"600\" height=\"338\" title=\"&#8220;El Elche CF llega a M\u00e1laga&#8221; &#8212; PFC Costa del Sol\" data-secret=\"Sno2fGgnwf\" frameborder=\"0\" marginwidth=\"0\" marginheight=\"0\" scrolling=\"no\" class=\"wp-embedded-content\"><\/iframe><script>\n\/*! This file is auto-generated *\/\n!function(d,l){\"use strict\";l.querySelector&&d.addEventListener&&\"undefined\"!=typeof URL&&(d.wp=d.wp||{},d.wp.receiveEmbedMessage||(d.wp.receiveEmbedMessage=function(e){var t=e.data;if((t||t.secret||t.message||t.value)&&!\/[^a-zA-Z0-9]\/.test(t.secret)){for(var s,r,n,a=l.querySelectorAll('iframe[data-secret=\"'+t.secret+'\"]'),o=l.querySelectorAll('blockquote[data-secret=\"'+t.secret+'\"]'),c=new RegExp(\"^https?:$\",\"i\"),i=0;i<o.length;i++)o[i].style.display=\"none\";for(i=0;i<a.length;i++)s=a[i],e.source===s.contentWindow&&(s.removeAttribute(\"style\"),\"height\"===t.message?(1e3<(r=parseInt(t.value,10))?r=1e3:~~r<200&&(r=200),s.height=r):\"link\"===t.message&&(r=new URL(s.getAttribute(\"src\")),n=new URL(t.value),c.test(n.protocol))&&n.host===r.host&&l.activeElement===s&&(d.top.location.href=t.value))}},d.addEventListener(\"message\",d.wp.receiveEmbedMessage,!1),l.addEventListener(\"DOMContentLoaded\",function(){for(var e,t,s=l.querySelectorAll(\"iframe.wp-embedded-content\"),r=0;r<s.length;r++)(t=(e=s[r]).getAttribute(\"data-secret\"))||(t=Math.random().toString(36).substring(2,12),e.src+=\"#?secret=\"+t,e.setAttribute(\"data-secret\",t)),e.contentWindow.postMessage({message:\"ready\",secret:t},\"*\")},!1)))}(window,document);\n\/\/# sourceURL=https:\/\/www.pfccostadelsol.com\/wp-includes\/js\/wp-embed.min.js\n<\/script>","thumbnail_url":"https:\/\/www.pfccostadelsol.com\/wp-content\/uploads\/2025\/01\/Elche-CF-visita-PFC-Costa-del-Sol-1-scaled.jpg","thumbnail_width":2560,"thumbnail_height":1707,"description":"El Elche CF llega a M\u00e1laga. Los franjiverdes eligen PFC Costa del Sol para su puesta a punto de cara a un partido vital. Otro hist\u00f3rico, en este caso el Elche CF pis\u00f3 ayer las instalaciones de PFC Costa del Sol para ultimar los detalles de su enfrentamiento ante el M\u00e1laga CF. Los franjiverdes, con [&hellip;]"}

El Elche CF llega a Málaga - PFC Costa del Sol

<blockquote class="wp-embedded-content" data-secret="Sno2fGgnwf"><a href="https://www.pfccostadelsol.com/en/el-elche-cf-llega-a-malaga/">El Elche CF llega a Málaga</a></blockquote><iframe sandbox="allow-scripts" security="restricted" src="https://www.pfccostadelsol.com/en/el-elche-cf-llega-a-malaga/embed/#?secret=Sno2fGgnwf" width="600" height="338" title="&#8220;El Elche CF llega a Málaga&#8221; &#8212; PFC Costa del Sol" data-secret="Sno2fGgnwf" frameborder="0" marginwidth="0" marginheight="0" scrolling="no" class="wp-embedded-content"></iframe><script>
/*! This file is auto-generated */
!function(d,l){"use strict";l.querySelector&&d.addEventListener&&"undefined"!=typeof URL&&(d.wp=d.wp||{},d.wp.receiveEmbedMessage||(d.wp.receiveEmbedMessage=function(e){var t=e.data;if((t||t.secret||t.message||t.value)&&!/[^a-zA-Z0-9]/.test(t.secret)){for(var s,r,n,a=l.querySelectorAll('iframe[data-secret="'+t.secret+'"]'),o=l.querySelectorAll('blockquote[data-secret="'+t.secret+'"]'),c=new RegExp("^https?:$","i"),i=0;i<o.length;i++)o[i].style.display="none";for(i=0;i<a.length;i++)s=a[i],e.source===s.contentWindow&&(s.removeAttribute("style"),"height"===t.message?(1e3<(r=parseInt(t.value,10))?r=1e3:~~r<200&&(r=200),s.height=r):"link"===t.message&&(r=new URL(s.getAttribute("src")),n=new URL(t.value),c.test(n.protocol))&&n.host===r.host&&l.activeElement===s&&(d.top.location.href=t.value))}},d.addEventListener("message",d.wp.receiveEmbedMessage,!1),l.addEventListener("DOMContentLoaded",function(){for(var e,t,s=l.querySelectorAll("iframe.wp-embedded-content"),r=0;r<s.length;r++)(t=(e=s[r]).getAttribute("data-secret"))||(t=Math.random().toString(36).substring(2,12),e.src+="#?secret="+t,e.setAttribute("data-secret",t)),e.contentWindow.postMessage({message:"ready",secret:t},"*")},!1)))}(window,document);
//# sourceURL=https://www.pfccostadelsol.com/wp-includes/js/wp-embed.min.js
</script>

El Elche CF llega a Málaga. Los franjiverdes eligen PFC Costa del Sol para su puesta a punto de cara a un partido vital. Otro histórico, en este caso el Elche CF pisó ayer las instalaciones de PFC Costa del Sol para ultimar los detalles de su enfrentamiento ante el Málaga CF. Los franjiverdes, con [&hellip;]
